b and k.
9
Let z be (1/2)/(5/930). Calculate the highest common divisor of z and 31.
31
Suppose -24*g = -20*g - 2*j - 16, g + j - 4 = 0. What is the highest common divisor of 76 and g?
4
Let s be 2*((-15)/(-2) - -2). Let p = -109 + 261. What is the greatest common divisor of p and s?
19
Suppose 7 = c - 0*c - 5*p, -5 = -5*c - 5*p. Let n = c - 1. Let a be n/(1/5)*1. Calculate the greatest common factor of 5 and a.
5
Suppose 4*t - 2*t = 0. Suppose t = 5*j - 3*f - 165, -2*j - 21 + 86 = -f. What is the highest common factor of 6 and j?
6
Suppose -8*k - 90 = -13*k. What is the greatest common factor of 45 and k?
9
Let o = -3 - -3. Suppose o = -2*u + u + 10. Let g = -44 + 74. Calculate the highest common factor of g and u.
10
Suppose -j + 12 = 3*j. Let h(o) = -o**3 + o + 2. Let w be h(0). What is the highest common factor of j and w?
1
Suppose -3*l + 18 = -5*b, 4*b + 27 = 3*l + 2*b. Calculate the highest common divisor of 55 and l.
11
Let q = 3 + -8. Let u(c) = c**2 + 2*c - 4. Let v be u(q). Calculate the greatest common divisor of v and 11.
11
Suppose -12*o = -3*o - 540. Calculate the greatest common divisor of 40 and o.
20
Let a = 269 - 170. Calculate the greatest common factor of a and 11.
11
Let m be -3*(-2 + (-112)/(-3)). Let q = -1 - m. Let r be (30/18)/5*(-1 + 46). Calculate the greatest common divisor of r and q.
15
Suppose 12 = 2*o - 5*y, -y = 4*y + 20. Let a be (-64)/(-2)*(-6)/o. Calculate the greatest common divisor of 6 and a.
6
Let b = 0 + 5. Suppose -w = -y - 101, -323 = 2*w - b*w - 2*y. Calculate the highest common factor of 15 and w.
15
Suppose 0*n = -4*n + 76. Let z be (2 - (-45)/6)*6. What is the greatest common divisor of n and z?
19
Let v(c) = -2*c - 6. Let y be v(-13). Calculate the highest common factor of y and 30.
10
Suppose 0 = z - 4*h - 22, 2*z + 3 = -4*h - 1. Suppose -3*r = -z*r + 30. What is the greatest common factor of 5 and r?
5
Let v = 23 + -19. Let u be 4/v - (-11 - 1). What is the greatest common divisor of 13 and u?
13
Suppose v + 2 - 24 = 0. Let d = -4 + 6. What is the highest common divisor of v and d?
2
Suppose s - 3 = 0, 3*u + 2*u = 5*s + 260. Let d(w) = w + 30. Let x be d(-8). What is the highest common divisor of u and x?
11
Let x be (1 - -2)*(-11)/(-3). Let m(a) = -3*a**3 + 2*a**2 - a - 3. Let l be m(-3). Calculate the highest common divisor of x and l.
11
Let j be (6/8)/(4/304). Calculate the greatest common factor of 19 and j.
19
Suppose -2*o = 3*g + 3*o - 199, 2*o = -g + 68. What is the highest common divisor of g and 29?
29
Let b(p) = -5*p + 3. Let z be b(-2). Let r be (0 + -1)/((-6)/78). Calculate the greatest common factor of z and r.
13
Let j be 2 - -31*(-1 + 4). Calculate the greatest common divisor of 38 and j.
19
Suppose -3*p + 78 = -2*r + 3*r, r - 4*p - 85 = 0. Let c = 25 + -16. What is the greatest common divisor of r and c?
9
Suppose 4*l - 3 = -11. Let s(k) = 20*k**2 - k - 2. Let y be s(l). What is the greatest common divisor of y and 10?
10
Let a(x) = 4*x + 2. Let s be a(4). Suppose -2*l = -0*l - 8. Let u be l/3*(-270)/(-4). Calculate the highest common divisor of u and s.
18
Suppose -5*o - 3 = -8. Let w(f) = 4 + o - f - 2 - 1. Let g be w(-8). Calculate the greatest common divisor of g and 15.
5
Let x = -1 - -11. Let v(g) = -8*g - 4. Let w = 6 + -9. Let p be v(w). Calculate the highest common factor of x and p.
10
Let p(j) = 35*j - 47. Let y(z) = 12*z - 16. Let g(c) = 3*p(c) - 8*y(c). Let o be g(10). What is the highest common divisor of 7 and o?
7
Let b be ((-4)/(-3))/(2/6). Suppose -m - 3*m - 22 = -t, -27 = -t - m. Let w = -16 + t. What is the greatest common factor of w and b?
2
Suppose 8*z - 61 = 7*z. Let l = z - 43. Calculate the highest common divisor of l and 6.
6
Let a = -3 + -2. Let t(r) = r**2 + r + 2. Let q be t(a). Let h(s) = -26*s**3 - s**2 + s - 4. Let w be h(-2). Calculate the greatest common divisor of q and w.
22
Suppose 0 = -2*q + 3*h + 60, -5*h = 5*q - q - 98. What is the highest common factor of q and 9?
9
Let z be (-1)/(3/(-105))*2. What is the highest common factor of 14 and z?
14
Suppose 3 = -2*m + 9. Let s(c) = c - 3. Let b be s(m). Suppose -f = -3 - b. Calculate the greatest common divisor of 15 and f.
3
Let i(v) = v**2 - 10*v + 12. Let p = -3 + 13. Let f be i(p). What is the greatest common divisor of 84 and f?
12
Let u = -121 + 134. Calculate the greatest common divisor of u and 1.
1
Let b = 34 - 18. Let k(v) = -v**2 + 4*v. Let m be k(3). Suppose 0*p + 72 = m*p. Calculate the highest common factor of p and b.
8
Suppose 476 = 5*r + x, x - 381 = -6*r + 2*r. Calculate the greatest common divisor of 38 and r.
19
Let y = 47 + -15. Let o = -18 + y. Let p(m) = -24*m - 2. Let q be p(-3). What is the greatest common divisor of o and q?
14
Let c be 22/(-4)*1*-22. Let l = c + -33. What is the highest common divisor of 8 and l?
8
Let j = 51 + -50. Calculate the highest common divisor of 4 and j.
1
Suppose 5*m + 0*k - k = 159, 2*k - 2 = 0. Let d(t) = 16*t**2 + 2*t - 3. Let h be d(3). Let w = h + -99. Calculate the highest common factor of m and w.
16
Let u(r) = r**3 + 7*r**2 - 4*r + 4. Let n be u(-4). Let y = n - -13. Calculate the highest common divisor of y and 9.
9
Suppose 7*x - 76 = 2*x + i, -4*x = -i - 61. What is the highest common factor of 15 and x?
15
Let w be 20/(-3 + 0 + 5). Calculate the greatest common divisor of w and 240.
10
Let g(h) = -h**3 - 6*h**2 - 6*h + 5. Let j be g(-5). Suppose -3*f + 120 = f. Calculate the greatest common factor of f and j.
10
Let m(f) = -f**3 - f + 20. Let h be ((-4)/(-3))/(1/3). Let u be 2/8 - 1/h. Let t be m(u). What is the greatest common divisor of t and 10?
10
Let t = 25 - 5. Let a be 4 + 2 + -4 + t. Let x = -10 + a. Calculate the greatest common divisor of 108 and x.
12
Suppose 0*m + 4 = 4*m, -2*m = 5*z - 62. Let k be (-2786)/(-21) - 2/3. Calculate the greatest common divisor of z and k.
12
Let o(l) = -l**2 - 9*l - 2. Let s be o(-7). Let m be (-4)/(s/45)*-1. Calculate the highest common divisor of 10 and m.
5
Suppose 0*t = 7*t - 140. Calculate the highest common factor of 15 and t.
5
Suppose 5*a + 21 = h - 10, -22 = 4*a + 2*h. Let w(r) = 3 + 4 + 3*r + r - 5 + r**2. Let x be w(a). What is the highest common divisor of 21 and x?
7
Let j(p) = -p**3 + 3*p**2 + 5*p - 6. Let k be j(4). Let f be 3 + 1 + k + 284. What is the greatest common divisor of 26 and f?
26
Let s be 192*(5/(-3) + 2)*2. Calculate the highest common factor of s and 32.
32
Let a(f) = 28*f - 2. Let d be a(4). Let t = 33 + d. What is the greatest common divisor of 13 and t?
13
Let v = 86 - 60. Suppose -4*h - 1 + 9 = 0. Suppose 6*s - h*s - 52 = 0. What is the highest common divisor of v and s?
13
Let g(b) = -12*b**3 + b + 1. Let s be g(-1). What is the greatest common divisor of 28 and s?
4
Let s(o) = -o**3 - 2*o**2 + o - 3. Let u be s(-3). Suppose 2*y = 9 + u. Calculate the highest common divisor of 1 and y.
1
Suppose 0*f = 3*f - 135. Suppose 2*c = -15 + f. Suppose o + 2*r = 163, 12*o - 14*o - 2*r = -328. Calculate the highest common factor of c and o.
15
Let c be -4 + -60 + (1 - 1). Let d = c - 2. Let i be d/9*-21 + 0. What is the highest common factor of 14 and i?
14
Let o = 50 + -2. Let z = -30 + o. Let h(u) = u**3 + 7*u**2 + 5*u + 11. Let m be h(-5). What is the highest common divisor of m and z?
18
Let m be ((-12)/(-10))/(3/10). Suppose 5*f + 59 = 3*g, m*g - 3*f = -23 + 98. Suppose 4 = 2*s - 0*s. What is the highest common factor of g and s?
2
Suppose 0 = -4*n + 4*x + 76, 0 = n - 4*x - 10 - 6. What is the highest common divisor of 20 and n?
20
Let q(o) = o + 20. Let u be q(0). Suppose x - u = -3*x. Suppose -3*c = -4*b + 65, -c = -x*b - 2*c + 105. What is the highest common factor of b and 4?
4
Let k(j) = -70*j**2 + j. Let b be k(-1). Let r be b/(-3) - (-1)/3. Let l be (-4)/(r/(-27))*2. What is the highest common factor of 9 and l?
9
Let z be -3 + 1 - -16*1. Let p(r) = -r**3 - r**2 + 5*r + 4. Let m = -7 - -4. Let x be p(m). Calculate the greatest common factor of x and z.
7
Let r be (0 - -1)*(-2 - -2). Suppose r = 2*u - 8 - 2. Calculate the greatest common divisor of 1 and u.
1
Let q be 4 - 0/((-16)/(-4)). Calculate the greatest common factor of 10 and q.
2
Let q(b) = b - 5. Let u(i) = -5. Let z(d) = 3*q(d) - 4*u(d). Let k be z(10). What is the greatest common facto